.
12
Suppose 0 = k - 5*q - 15, 4*k + 4 = -3*q - 5. Suppose k*h = 5*h. Let a be (-79 + 2)/(-1) - h. What is the greatest common divisor of 7 and a?
7
Suppose -u - s = -10, 2*u + s = -0*s + 15. Suppose 3*w + 12 + 3 = 0, -t = 5*w + u. Let b = 294 - 134. What is the greatest common divisor of t and b?
20
Suppose -30 = 3*t - 8*t. Let l be 21/2 + (-3)/t. Let x be 198/l + (-5)/(-25). Calculate the highest common factor of 8 and x.
4
Let m(v) = v**2 - 5*v - 8. Let k be m(-4). What is the greatest common divisor of 42 and k?
14
Let v be 960/(-36)*54/(-8). Calculate the greatest common factor of 45 and v.
45
Let i = 42 + -27. Let z = 33 - i. Calculate the greatest common divisor of z and 198.
18
Let a = 0 + 0. Suppose -2*r - 2*r + 32 = 0. Suppose -r*u + 4*u + 612 = a. What is the highest common factor of u and 17?
17
Let l(m) = -m**3 + 19*m**2 + m - 16. Let w be l(19). What is the greatest common divisor of w and 15?
3
Let h be (-5 - -6) + (-24)/3. Let o be (-2)/h + (-40)/(-7). Calculate the greatest common divisor of 2 and o.
2
Let l be (-2)/(-1) - (0 + 0). What is the highest common divisor of 10 and l?
2
Let b = -3 - -9. Suppose 6 = -3*j - w, -2*j - j - 6 = 4*w. Let d be -24*(j + 0 - -1). What is the highest common factor of b and d?
6
Let x(o) = o**3 - 7*o**2 + 1. Let t be x(7). Let w = -69 - -80. What is the greatest common factor of w and t?
1
Let k = 22 + -13. Let s = -10 + k. Let z be ((-4)/s)/((-2)/(-4)). What is the highest common factor of 1 and z?
1
Let q be 2/1 + 0 + 1. Suppose 3 + q = 3*t. Suppose t*u = -4 + 28. What is the greatest common divisor of u and 12?
12
Let q = 6 - 3. Suppose -5*b + 3 = 5*v + 33, -q*b - 2*v = 13. Let f be 5 + 48 - (0 - b). Calculate the greatest common factor of 26 and f.
26
Let a(f) = -f**3 + 5*f**2 - 4*f + 2. Let l be a(4). Suppose 4*y - 8 = 4. What is the greatest common factor of l and y?
1
Suppose 110 = -0*t + t. Let l = 156 - t. What is the greatest common divisor of l and 115?
23
Let c(p) = -25*p + 2. Let y(d) = 2*d + 8. Let q be y(-7). Let v be c(q). Suppose 5*k + v = 422. What is the highest common divisor of 6 and k?
6
Suppose 3*i + 9 = 4*j, 3*i + 2*i + 15 = -j. Suppose j = -2*g - 2*g - 164. Let n = 63 + g. What is the greatest common divisor of n and 55?
11
Suppose 0 = 2*i - 0*i - 40. Suppose 0 - i = -f - 5*m, 3*m - 30 = -f. Let s = 48 + -30. Calculate the highest common factor of s and f.
9
Suppose -19 + 70 = 3*p. Suppose -2*j - m = -12, 4*j + 4*m = -0*j + 28. Suppose 10*l - j*l = 425. What is the highest common divisor of p and l?
17
Let b = -89 - -102. What is the greatest common factor of b and 104?
13
Suppose t - 36 = y, -5*t + 236 = -y + 72. Calculate the highest common divisor of t and 160.
32
Suppose -k = -4*k + 36. Let f(w) = 2*w**2 + 14*w + 4. Let z be f(-7). Calculate the highest common divisor of z and k.
4
Let q(u) = -22*u**2 - 4*u - 3. Let j(a) = 11*a**2 + 2*a + 2. Let i(m) = -5*j(m) - 3*q(m). Let r be i(1). Calculate the highest common divisor of r and 3.
3
Suppose -1 + 10 = 3*r. Let k = r - -6. Let b = -11 - -12. Calculate the highest common divisor of b and k.
1
Let p(s) = s**2 + 5*s. Let j be p(-7). Calculate the greatest common divisor of j and 70.
14
Suppose -2*h - 3*h = -10. Suppose 116 = h*n - 24. Suppose 0*q = 2*q - n. What is the greatest common factor of 5 and q?
5
Let k = -51 - -61. Calculate the greatest common factor of 20 and k.
10
Suppose -2*t + 0*t = 10, -2*c = -t - 9. Suppose -3*a + 4 = -c. Suppose 0 = 2*g + 4*o - 18, 6*g - 5*o = a*g + 36. What is the highest common divisor of 99 and g?
9
Let c be (-5 - -22) + (-1)/1. What is the highest common factor of 2 and c?
2
Suppose 0 = 2*y + 4*r, r = -r. Suppose 0*h + 5*c + 9 = -h, -2*h - 4*c - 30 = y. Let q be (-1 - (-1 - h))*-1. What is the greatest common divisor of q and 38?
19
Let g = 198 - 70. Let n = 19 + -3. Calculate the highest common factor of n and g.
16
Suppose 0*z + 45 = 5*z. Suppose -3*y + 3*a = -a - 12, y - 2*a - 6 = 0. Suppose z = -y*r + r. Calculate the highest common factor of 6 and r.
3
Let l be (9 - -5) + (1*4)/(-2). What is the highest common divisor of l and 132?
12
Suppose -154 = -5*p - q + 2*q, 0 = p + 4*q - 14. What is the greatest common factor of p and 6?
6
Suppose -2*b + 7*b - 5*q - 105 = 0, -3*q = 2*b - 37. What is the greatest common divisor of b and 5?
5
Let j be (45/(-12))/(-4 - 15/(-4)). Calculate the greatest common divisor of j and 120.
15
Let u be (-30)/(-1 + (2 - 3)). Suppose o = 3*o + 2. Let z = o - -7. Calculate the highest common divisor of u and z.
3
Suppose -4 = -h - 3*h. Let u(n) = 3*n + 1. Let y be u(h). Suppose 58 = y*i + 10. What is the greatest common divisor of 30 and i?
6
Let v(t) = 3*t**2 + 8*t + 12. Let x be v(-6). Calculate the greatest common divisor of x and 18.
18
Let g be (0 + 3)/(3/2). Suppose 3*u - 4*r = -5*r + 191, -g = -r. What is the highest common divisor of u and 7?
7
Let x be 3/3 - -2 - 6 - -18. Suppose -6 = 4*m + 6. Let s(f) = 17*f**2 - 3*f + 3. Let h be s(m). Calculate the highest common factor of h and x.
15
Let i(x) = 2*x**2 - 7*x - 4. Let j be i(4). Suppose j = -f + 2 + 1. What is the greatest common divisor of f and 27?
3
Let z(x) = x**2 - 6*x + 5. Let d be z(6). Suppose s - 60 = w - d*w, -w + 2 = 0. Let u be ((-1)/2)/((-2)/s). What is the greatest common factor of u and 26?
13
Let b be ((20/4)/(-5))/(-1 + 0). Calculate the greatest common factor of b and 9.
1
Let n be (-161)/(-7) - (-2)/2. Calculate the highest common divisor of 16 and n.
8
Let y = -11 - -17. Let j = 4 - -26. Calculate the highest common factor of j and y.
6
Suppose 0 = -3*k + 184 - 67. What is the highest common divisor of 13 and k?
13
Suppose 6*d = d + 50. Suppose -4*j - 3*q - 33 = -6*j, 2*q - d = 0. What is the greatest common factor of 3 and j?
3
Suppose 3*n - 5*n + 132 = 4*c, n - 38 = 5*c. Let k = n + 118. What is the highest common factor of 16 and k?
16
Let q be 0 - 0 - (-25 - 3). Suppose 2*m + q = f + 2*f, 2*f + 2*m - 12 = 0. Calculate the highest common factor of 24 and f.
8
Let g = 12 - -70. Suppose 5*s - g - 38 = 0. What is the greatest common divisor of s and 3?
3
Suppose 33 = 5*s - g - 72, 2*s - g = 45. What is the highest common factor of s and 80?
20
Let j = -4 + 12. Let s be ((-2)/5)/(1/(-20)). Let k be (-1*s)/((-2)/16). Calculate the greatest common divisor of j and k.
8
Let u(j) = j - 2. Let v be u(7). Suppose v*l - 120 = 2*l. Let n be 2/4 + (-76)/(-8). Calculate the highest common factor of n and l.
10
Let i = 2 + 4. Let k(y) = -2*y - 4*y**2 + i + 6*y**3 - y**2 - 5*y**3 - 3*y. Let g be k(6). Calculate the greatest common divisor of 18 and g.
6
Suppose -2*y - y = -18. Suppose 2*h = -0*h - 10. Let s be -1*h/((-5)/(-66)). Calculate the greatest common factor of s and y.
6
Let y(p) = p**3 + 11*p**2 + 8*p - 4. Let f be y(-10). Let q be (22/(-8))/((-4)/f). Let k be (2 + -3)*-1*q. What is the highest common divisor of 77 and k?
11
Let t = -1 + 4. Let r = t + 0. Let y(k) = k**3 - k**2 + k - 1. Let u be y(r). What is the greatest common divisor of u and 50?
10
Let d be 1786/18 + (-4)/18. Suppose 4*y - 48 = -4. Calculate the highest common factor of y and d.
11
Let t be (-2)/(-5) + (-356)/(-10). Suppose 0 = -4*y + 3*u + u + t, y = -2*u + 3. What is the greatest common divisor of y and 77?
7
Suppose 0 = -u + 3 - 0. Let f be u*(2 - 2 - -1). Calculate the greatest common divisor of f and 15.
3
Suppose -2 = -d + 3. Let f = d - 0. Suppose 7 = 4*x - 53. Calculate the greatest common divisor of x and f.
5
Suppose 8*t + 0*t - 216 = 0. What is the highest common divisor of 3 and t?
3
Suppose -169 = -j - 5*u - 0*u, 0 = -5*j + 2*u + 710. Calculate the highest common factor of j and 16.
16
Let y(b) = b**3 + 2*b**2 - 2*b + 4. Let m be y(-3). Calculate the highest common factor of m and 11.
1
Let r(u) = -u + 1. Let t(j) = -4*j + 12. Let k(q) = -3*r(q) + t(q). Let v be k(6). What is the highest common factor of v and 3?
3
Suppose -b = 9*b - 130. What is the highest common divisor of 143 and b?
13
Let v(o) = -o + 12. Let p be v(-20). Let c(h) = -13*h - 7. Let m be c(-3). Calculate the highest common factor of p and m.
32
Let v(g) = -g**3 + 7*g**2 - 6*g + 5. Let r be v(6). Calculate the highest common divisor of 10 and r.
5
Let o = 64 + -42. Let i(l) = -3*l + 2. Let b be i(-3). Calculate the gre